(l)?
8
Let m(p) = p**2 + 11*p + 3. Let u be m(-10). Let j(a) = -a - 8. What is j(u)?
-1
Let k = -4 + 8. Suppose -k*p = 4*j - 28, -5*j = -4*j - p - 5. Let s(o) = -o**3 + 6*o**2 - 2*o + 3. Determine s(j).
-9
Suppose d = -2 + 3, 0 = 5*c + 3*d + 7. Let k = 6 + -3. Let o be (0 - k) + c + 1. Let r(j) = -j - 5. Give r(o).
-1
Let y(t) be the second derivative of 1/60*t**5 + 1/8*t**4 - 2*t + 0 + 0*t**3 + t**2. Let h(x) be the first derivative of y(x). What is h(-4)?
4
Let r(i) = -2*i**2 - 7*i - 7. Let b(n) = 3*n**2 + 14*n + 13. Let d(s) = -3*b(s) - 5*r(s). Give d(9).
14
Let a(j) = -j + 1. Let w(p) = -6*p + 5. Let r(o) = 5*a(o) - w(o). Suppose -4*z = -0*z. Calculate r(z).
0
Let u(f) = -6*f - 4 + 0 + 1. Let w(a) = -a**3 - 8*a**2 - 8*a - 9. Let t = 0 + -7. Let l be w(t). Determine u(l).
9
Let s be 1/((-2)/2 - -2). Let b(v) be the second derivative of 1/3*v**4 + 0*v**3 + 0 - v + 0*v**2. What is b(s)?
4
Let i = -3 - -8. Suppose -3*r = -i*r + 4. Let q(s) = -3 - 2*s - s**2 + 3. What is q(r)?
-8
Let j(m) = 0 - m - m + 5. Suppose -3*f - 11 = 1, -f = -o. Let b = o + 9. What is j(b)?
-5
Let j(h) = -h**3 + 7*h**2 - 2*h - 6. Let k be j(6). Let b be (-25)/(-9) - (-4)/k. Let v(x) = 2 - b*x + 5 - 4. What is v(3)?
-6
Let v(o) = -o**2 - 9*o + 14. Let h be v(-10). Let u(j) = -2*j - 4. Determine u(h).
-12
Let u be 10*(1 + (-6)/10). Let p(b) = -2*b**2 + 2. Let o(f) be the first derivative of f**3 + f**2/2 - 5*f - 1. Let q(h) = 3*o(h) + 5*p(h). Determine q(u).
-9
Let q(v) = -v - 4. Let h = 0 + -16. Let y be ((-2)/(-1))/(h/40). Determine q(y).
1
Let h(d) = 2*d - 3. Let y be h(4). Suppose -9 + y = -4*t. Let j(z) = -z**2 + z - 1. Calculate j(t).
-1
Suppose 0 = -7*t + 17 + 4. Let u(q) be the third derivative of -q**6/120 + q**5/20 - q**3/6 + q**2. Calculate u(t).
-1
Let a(d) be the second derivative of d**5/20 - d**4/6 + d**2 + 25*d. Give a(3).
11
Let m(d) = -d**2 - 5*d + 5. Let n be 2/(-7) + (-88)/(-14). Suppose 0 = -f - 2*j + 20, f - n*j = -j - 1. Suppose -2*s + 4 = f. What is m(s)?
5
Let h(j) = 8 - 1 - 4 + 2*j - 4*j. What is h(-3)?
9
Let b(c) = c**2 - 6*c + 6. Let w = 19 - 17. Suppose -3*h = -i - 18, -4*h = -w*h - 5*i - 25. Give b(h).
1
Let t(o) = -o**2 + 8*o - 3. Let j be t(8). Let f(g) = g**2 + g. What is f(j)?
6
Let s(v) = v**3 + 6*v**2 + 4*v - 5. Let j(n) = -2*n + 4. Let m be j(4). Let o be (10/3)/(m/6). Give s(o).
0
Let o(g) be the third derivative of 0*g - 3*g**2 - 1/24*g**4 - 1/360*g**6 + 1/6*g**3 - 1/40*g**5 + 0. Let c(u) be the first derivative of o(u). Give c(-3).
-1
Suppose 20*c + 2 = 19*c. Let p(v) = v**3 + v**2 - 1. Calculate p(c).
-5
Let u(b) = 8*b - 1. Let i be 1 + 1 + (2 - 1). Suppose -4 = s + i*x, 0 = s - 0*x - 2*x + 4. Let t be (-2*2/s)/1. Determine u(t).
7
Let d(z) = -z**2 + 6*z - 5. Let j be d(4). Let p(l) = l**2 + 3*l. Let i(v) = 2*v**2 + 4*v. Let r(t) = j*i(t) - 4*p(t). What is r(-1)?
2
Let r(w) = w + 2 + 9 + 6. What is r(0)?
17
Let y = -2 - -2. Let z be (1 - (2 + y))*0. Suppose 0*p - 2*p = 2*b - 2, -5*b - 4*p + 8 = z. Let g(n) = n**2 - 2*n - 4. Give g(b).
4
Suppose s + 10 = 3*s. Let d(m) = m**2 - 4*m - 6. Give d(s).
-1
Suppose -3*v + 8*v = 0. Let u = 4 - v. Let a(f) = -3*f**3 - 3*f**2 + 5*f - 9. Let s(d) = -2*d**3 - d**2 + 3*d - 5. Let i(k) = 3*a(k) - 5*s(k). What is i(u)?
-2
Let v(j) = 6*j**2 + 1 - 7*j**2 + 6*j + j - 2*j. Give v(4).
5
Suppose -20 = -2*p + 5*z, 0*p - 3*z = 2*p - 4. Let c(y) be the third derivative of y**6/120 - y**5/12 + y**4/24 - 46*y**2. Determine c(p).
5
Let r(a) = a - 2. Let j(k) = -k**2 - 7*k - 5. Let v be j(-4). Give r(v).
5
Let r(y) be the first derivative of y**5/120 + y**4/24 + 2*y**3 + 1. Let z(j) be the third derivative of r(j). What is z(5)?
6
Let y(m) = -5*m**3 + 6*m**2 - 6*m - 5. Let j = -11 + 6. Let t(u) = 5*u**3 - 5*u**2 + 5*u + 4. Let b(x) = j*y(x) - 6*t(x). Suppose 0*p - 2 = -2*p. What is b(p)?
-4
Suppose -10 + 7 = y. Let i(d) = -4*d - 2. Give i(y).
10
Let g(r) = -3*r + 2. Suppose 4*w + 0 = -4, -w = 2*n - 13. Let s be 16/6*(n - 4). Let k be (s/(-5))/((-2)/5). Give g(k).
-10
Let l(t) = 3*t**2 + 3*t + t**2 + 2*t + 4 - 5*t**2. Suppose 2*i + 3*i - 19 = s, -4*s = 2*i - 12. Give l(i).
8
Let f(j) = j**3 + 5*j**2 + 5*j - 1. Suppose 4 = 5*w + 64. Let k = w - -8. Calculate f(k).
-5
Let m(i) = -i + i - 11*i - 12 + 9*i. Give m(-6).
0
Let j(w) = -9*w + 10. Let x(m) = -6*m + 7. Let b(p) = -5*j(p) + 7*x(p). Determine b(-2).
-7
Suppose 0 = 5*a - w - 28, 3*a - 14 = 2*w - 0. Let x(o) = -o**3 + 5*o**2 + 7*o - 9. What is x(a)?
-3
Suppose -4 = -o + 5*j, o + j - 6 - 4 = 0. Let h(x) = -2*x + o + 1 - 8 + x**3 + x**2. Give h(-3).
-10
Let l(c) be the third derivative of -c**6/360 + c**5/20 - c**4/3 - c**3/3 - 5*c**2. Let m(v) be the first derivative of l(v). Calculate m(6).
-8
Let j(s) = 2*s**2 - 8*s**2 - 7 + 5*s**2 - 9*s + 0. Give j(-7).
7
Let b(a) = a**3 + 5*a**2 + 4*a. Suppose 0 = -4*p - 3 - 13. What is b(p)?
0
Let z(u) be the first derivative of u**2/2 - 7*u - 2. Determine z(7).
0
Let s be 3/(-6)*1/(2/(-20)). Let o(f) = -f**2 + 2*f + 1. Calculate o(s).
-14
Let c be 3*2*3/12. Let g(f) be the second derivative of 1/6*f**3 + 0 - f - c*f**2. Determine g(0).
-3
Let m(c) be the second derivative of c**3/6 - 3*c**2 - 2*c. Let w(a) = a**2 - 7*a - 7. Let l be w(8). Let j = 1 - l. Calculate m(j).
-6
Let g(w) = -w**2 + 3*w - 2. Suppose -2*a + 5*j - 16 + 4 = 0, 0 = -5*a - 3*j + 32. Suppose 0 = 3*l - f - 15, -5*l - a*f = -f - 11. What is g(l)?
-6
Let r(p) = -3*p**3 + 4*p**3 - 2*p**2 - 7*p + 3*p. Determine r(3).
-3
Let a(w) = w + 1. Let h(d) be the first derivative of d**3 + d**2 - d + 2. Let l(p) be the first derivative of h(p). Let z(q) = 5*a(q) - l(q). Determine z(4).
-1
Let w(n) = -3*n**2 - 2*n - 1. Suppose 0 = 5*f + 6 - 16. Suppose u + f + 0 = 0. What is w(u)?
-9
Let p(g) be the first derivative of g**2/2 + g - 11. Let v be 2/((-2)/6*2). Let w(y) = y**3 + 3*y**2 + y + 2. Let r be w(v). What is p(r)?
0
Let s(d) = -d**3 - 4*d**2 + 4*d - 6. Let l = -2 - -10. Let g = 3 + 0. Let t = g - l. Calculate s(t).
-1
Let u(y) = -y**2 + y - 2. Let j(d) = -d. Let m = -8 - -11. Let b(s) = m*j(s) + u(s). Determine b(-2).
-2
Let f(r) = 4*r + 3 - 4*r + 2*r. Calculate f(-3).
-3
Let h = -30 - -33. Let c(y) be the second derivative of -1/6*y**h + 0 - 3/2*y**2 + y. Calculate c(5).
-8
Let u(t) = t + 1. Let q be u(-4). Let y(g) = -5*g**2 + 8*g - 3. Let j(v) = 2*v**2 - 3*v + 1. Let x(c) = q*y(c) - 8*j(c). What is x(-3)?
-8
Let z(c) = -c**3 - 6*c**2 + 8*c + 8. Let v be (-5 + 17)*-1 + 5. Determine z(v).
1
Let t(q) be the second derivative of -1/6*q**3 - 1/20*q**5 + 1/2*q**2 + 0 + 4*q - 5/12*q**4. Give t(-4).
-11
Let c(d) = d**3 + 6*d**2 + 6*d + 2. Let j(u) be the second derivative of 3*u**5/10 + u**4/6 + u**3/3 + u**2/2 - 2*u. Let p be j(-1). What is c(p)?
-3
Let m(u) = u**3 - 4*u**2. Let s be ((-6)/3 - 1)/(-1). What is m(s)?
-9
Let y(c) be the first derivative of c**2 - 2*c + 20. What is y(4)?
6
Let d(z) = 3*z**2 - 3*z**2 + z**2 - 7 - 5*z + 0. Let a = -16 - -22. Suppose -j + 0 = -a. Give d(j).
-1
Let t(n) = -n**3 + 2*n**2 - 5*n + 5. Let c(k) = -k**2 + 2*k - 2. Let l = 5 + -3. Let s(p) = l*t(p) + 5*c(p). Determine s(1).
-3
Let c(z) = -z**3 + 4*z**2 + 5*z - 2. Let d = -3 - -31. Suppose 2*a = -2*a + d. Suppose 0 = 3*v + 5*p - 25, 2*v + 5*p + 15 = a*v. Calculate c(v).
-2
Let x(j) = 3*j**2 + 5*j + 2. Let i(t) = -2*t**2 - 3*t - 1. Let h be (-2)/7 - 46/(-14). Let u(k) = h*x(k) + 5*i(k). What is u(0)?
1
Let j be 14/(-10) + 4/10. Let q(x) be the first derivative of -x**4/4 - x**3/3 - x**2 - x - 5. Determine q(j).
1
Let u(r) be the first derivative of -r**4/4 + r**3 + 2*r**2 + 3*r + 1. Let q = 14 - 20. Let x = 10 + q. Give u(x).
3
Suppose 0 = i + 2*h + 3, -i - 7 = -4*h + 8. Let a(o) = -o**3 - 7*o**2 - 2*o - 5. What is a(i)?
9
Let f(t) = -t**3 + t**2 + t. Let s(j) = -5*j**3 + 5*j**2 + 3*j + 1. Let h(o) = -6*f(o) + s(o). Determine h(3).
10
Suppose 0 = -2*b - 3 + 1. Let x(y) = -12*y**3 - y**2 + 3*y - 2. Let q(z) = 59*z**3 + 6*z**2 - 16*z + 11. Let h(r) = 2*q(r) + 11*x(r). Calculate h(b).
14
Let x(q) = -q**2 - q - 2. Let g = -25 - -25. Calculate x(g).
-2
Let k(t) = 3*t**2 - 4*t + 2. Suppose i - 5*d - 2 = 0, -5*i - 3*d + 6 = -2*i. Give k(i).
6
Suppose 19*o - 9*o - 70 = 0. Let d(w) = -w. Give d(o).
-7
Let t = 50 - 31. Suppose 5*h + t = -4*w, -3 + 4 = -h + 2*w. Let p(s) be the first deri